{"id":6646,"date":"2025-02-14T18:23:13","date_gmt":"2025-02-14T17:23:13","guid":{"rendered":"https:\/\/albarran-bourdais.com\/?post_type=projet&#038;p=6646"},"modified":"2025-05-14T17:50:09","modified_gmt":"2025-05-14T15:50:09","slug":"julio-le-parc-2","status":"publish","type":"projet","link":"https:\/\/albarran-bourdais.com\/es\/exhibition\/julio-le-parc-2\/","title":{"rendered":"Julio Le Parc. En movimiento"},"content":{"rendered":"<p>6 de marzo &#8211; 3 de mayo<\/p>\n<p>&nbsp;<\/p>\n<p>Nacido en Mendoza, Argentina, en 1928. Vive y trabaja en Par\u00eds.<\/p>\n<p>&nbsp;<\/p>\n<p>Julio Le Parc es una de las figuras m\u00e1s reconocidas y pioneras en el campo del arte cin\u00e9tico y el op-art. En 1960 fund\u00f3 el influyente Groupe de Recherche d&#8217;Art Visuel (GRAV) junto a los artistas Horacio Garcia Rossi, Francisco Sobrino, Fran\u00e7ois Morellet, Jo\u00ebl Stein y Jean-Pierre Vasarely (Yvaral). Desde mediados del siglo XX, Le Parc ha desarrollado una prol\u00edfica carrera con obras vibrantes e instalaciones inmersivas, creadas a partir de rigurosos sistemas de composici\u00f3n y correlaci\u00f3n de formas.<\/p>\n<p>&nbsp;<\/p>\n<p>En paralelo a su trabajo colectivo con otros artistas, Le Parc ha desarrollado una obra pionera en el campo del arte cin\u00e9tico y \u00f3ptico, explorando la inestabilidad de la percepci\u00f3n a trav\u00e9s de importantes creaciones basadas en la luz y el movimiento.<\/p>\n<p>&nbsp;<\/p>\n<p>Aplicando principios organizativos en su pintura, desde el uso de catorce escalas crom\u00e1ticas hasta combinaciones infinitas y precisas de blanco, gris y negro, Le Parc sit\u00faa al espectador en el centro de su obra. A trav\u00e9s de dispositivos \u00f3pticos que incluyen secuencias, rotaciones y progresiones, invita al p\u00fablico a revitalizar su capacidad de observar, reaccionar, reflexionar, comparar y crear.<\/p>\n<p>&nbsp;<\/p>\n<p>Le Parc ha realizado exposiciones individuales en instituciones como el Met Museum, Nueva York; Palais de Tokyo, Par\u00eds; Tabakalera, San Sebasti\u00e1n; P\u00e9rez Art Museum, Miami; Serpentine Gallery, Londres; Museo de Arte Moderno, M\u00e9xico; Moderna Museet, Estocolmo, entre muchas otras. Su obra gira en torno a la experimentaci\u00f3n constante, lo que le ha valido premios como el Gran Premio Internacional de Pintura en la 33\u00aa Bienal de Venecia en 1966.<\/p>\n<p>&nbsp;<\/p>\n<p>Su trabajo ha sido incluido en exposiciones colectivas sobre arte \u00f3ptico y cin\u00e9tico en instituciones como el Whitney Museum of American Art, Nueva York; MoMA, Nueva York; Museo Nacional Centro de Arte Reina Sof\u00eda, Madrid; Grand Palais, Par\u00eds; Palazzo Grassi, Venecia; Louisiana Museum of Modern Art, Humlebaek; Hirshhorn Museum and Sculpture Garden, Washington; Centre Pompidou, Par\u00eds y Metz, entre otras.<\/p>\n<p>&nbsp;<\/p>\n<p>Su obra forma parte de las colecciones de instituciones como el MoMA, Nueva York; Tate Gallery, Londres; Mus\u00e9e d&#8217;Art Moderne de la Ville de Paris; Museo Nacional de Bellas Artes, Buenos Aires; Galleria Nazionale d&#8217;Arte Moderna, Roma, entre otras.<\/p>\n","protected":false},"excerpt":{"rendered":"<p>6 de marzo &#8211; 3 de mayo &nbsp; Nacido en Mendoza, Argentina, en 1928. Vive y trabaja en Par\u00eds. &nbsp;&#8230;<\/p>\n","protected":false},"featured_media":6619,"template":"","categories":[8,26],"class_list":["post-6646","projet","type-projet","status-publish","has-post-thumbnail","hentry","category-exposicion-pasada","category-madrid"],"acf":[],"yoast_head":"<!-- This site is optimized with the Yoast SEO plugin v25.8 - https:\/\/yoast.com\/wordpress\/plugins\/seo\/ -->\n<title>Julio Le Parc. En movimiento - Albarr\u00e1n Bourdais<\/title>\n<meta name=\"robots\" content=\"index, follow, max-snippet:-1, max-image-preview:large, max-video-preview:-1\" \/>\n<link rel=\"canonical\" href=\"https:\/\/albarran-bourdais.com\/es\/exhibition\/julio-le-parc-2\/\" \/>\n<meta property=\"og:locale\" content=\"es_ES\" \/>\n<meta property=\"og:type\" content=\"article\" \/>\n<meta property=\"og:title\" content=\"Julio Le Parc. En movimiento - Albarr\u00e1n Bourdais\" \/>\n<meta property=\"og:description\" content=\"6 de marzo &#8211; 3 de mayo &nbsp; Nacido en Mendoza, Argentina, en 1928. Vive y trabaja en Par\u00eds. &nbsp;...\" \/>\n<meta property=\"og:url\" content=\"https:\/\/albarran-bourdais.com\/es\/exhibition\/julio-le-parc-2\/\" \/>\n<meta property=\"og:site_name\" content=\"Albarr\u00e1n Bourdais\" \/>\n<meta property=\"article:modified_time\" content=\"2025-05-14T15:50:09+00:00\" \/>\n<meta property=\"og:image\" content=\"https:\/\/albarran-bourdais.com\/wp-content\/uploads\/2025\/02\/JL_POSTAL_RGB-scaled.jpg\" \/>\n\t<meta property=\"og:image:width\" content=\"2560\" \/>\n\t<meta property=\"og:image:height\" content=\"2555\" \/>\n\t<meta property=\"og:image:type\" content=\"image\/jpeg\" \/>\n<meta name=\"twitter:card\" content=\"summary_large_image\" \/>\n<meta name=\"twitter:label1\" content=\"Tiempo de lectura\" \/>\n\t<meta name=\"twitter:data1\" content=\"2 minutos\" \/>\n<script type=\"application\/ld+json\" class=\"yoast-schema-graph\">{\"@context\":\"https:\/\/schema.org\",\"@graph\":[{\"@type\":\"WebPage\",\"@id\":\"https:\/\/albarran-bourdais.com\/es\/exhibition\/julio-le-parc-2\/\",\"url\":\"https:\/\/albarran-bourdais.com\/es\/exhibition\/julio-le-parc-2\/\",\"name\":\"Julio Le Parc. En movimiento - Albarr\u00e1n Bourdais\",\"isPartOf\":{\"@id\":\"https:\/\/albarran-bourdais.com\/#website\"},\"primaryImageOfPage\":{\"@id\":\"https:\/\/albarran-bourdais.com\/es\/exhibition\/julio-le-parc-2\/#primaryimage\"},\"image\":{\"@id\":\"https:\/\/albarran-bourdais.com\/es\/exhibition\/julio-le-parc-2\/#primaryimage\"},\"thumbnailUrl\":\"https:\/\/albarran-bourdais.com\/wp-content\/uploads\/2025\/02\/JL_POSTAL_RGB-scaled.jpg\",\"datePublished\":\"2025-02-14T17:23:13+00:00\",\"dateModified\":\"2025-05-14T15:50:09+00:00\",\"breadcrumb\":{\"@id\":\"https:\/\/albarran-bourdais.com\/es\/exhibition\/julio-le-parc-2\/#breadcrumb\"},\"inLanguage\":\"es\",\"potentialAction\":[{\"@type\":\"ReadAction\",\"target\":[\"https:\/\/albarran-bourdais.com\/es\/exhibition\/julio-le-parc-2\/\"]}]},{\"@type\":\"ImageObject\",\"inLanguage\":\"es\",\"@id\":\"https:\/\/albarran-bourdais.com\/es\/exhibition\/julio-le-parc-2\/#primaryimage\",\"url\":\"https:\/\/albarran-bourdais.com\/wp-content\/uploads\/2025\/02\/JL_POSTAL_RGB-scaled.jpg\",\"contentUrl\":\"https:\/\/albarran-bourdais.com\/wp-content\/uploads\/2025\/02\/JL_POSTAL_RGB-scaled.jpg\",\"width\":2560,\"height\":2555},{\"@type\":\"BreadcrumbList\",\"@id\":\"https:\/\/albarran-bourdais.com\/es\/exhibition\/julio-le-parc-2\/#breadcrumb\",\"itemListElement\":[{\"@type\":\"ListItem\",\"position\":1,\"name\":\"Accueil\",\"item\":\"https:\/\/albarran-bourdais.com\/es\/\"},{\"@type\":\"ListItem\",\"position\":2,\"name\":\"Julio Le Parc. En movimiento\"}]},{\"@type\":\"WebSite\",\"@id\":\"https:\/\/albarran-bourdais.com\/#website\",\"url\":\"https:\/\/albarran-bourdais.com\/\",\"name\":\"Albarr\u00e1n Bourdais\",\"description\":\"Art Gallery\",\"potentialAction\":[{\"@type\":\"SearchAction\",\"target\":{\"@type\":\"EntryPoint\",\"urlTemplate\":\"https:\/\/albarran-bourdais.com\/?s={search_term_string}\"},\"query-input\":{\"@type\":\"PropertyValueSpecification\",\"valueRequired\":true,\"valueName\":\"search_term_string\"}}],\"inLanguage\":\"es\"}]}<\/script>\n<!-- \/ Yoast SEO plugin. -->","yoast_head_json":{"title":"Julio Le Parc. En movimiento - Albarr\u00e1n Bourdais","robots":{"index":"index","follow":"follow","max-snippet":"max-snippet:-1","max-image-preview":"max-image-preview:large","max-video-preview":"max-video-preview:-1"},"canonical":"https:\/\/albarran-bourdais.com\/es\/exhibition\/julio-le-parc-2\/","og_locale":"es_ES","og_type":"article","og_title":"Julio Le Parc. En movimiento - Albarr\u00e1n Bourdais","og_description":"6 de marzo &#8211; 3 de mayo &nbsp; Nacido en Mendoza, Argentina, en 1928. Vive y trabaja en Par\u00eds. &nbsp;...","og_url":"https:\/\/albarran-bourdais.com\/es\/exhibition\/julio-le-parc-2\/","og_site_name":"Albarr\u00e1n Bourdais","article_modified_time":"2025-05-14T15:50:09+00:00","og_image":[{"width":2560,"height":2555,"url":"https:\/\/albarran-bourdais.com\/wp-content\/uploads\/2025\/02\/JL_POSTAL_RGB-scaled.jpg","type":"image\/jpeg"}],"twitter_card":"summary_large_image","twitter_misc":{"Tiempo de lectura":"2 minutos"},"schema":{"@context":"https:\/\/schema.org","@graph":[{"@type":"WebPage","@id":"https:\/\/albarran-bourdais.com\/es\/exhibition\/julio-le-parc-2\/","url":"https:\/\/albarran-bourdais.com\/es\/exhibition\/julio-le-parc-2\/","name":"Julio Le Parc. En movimiento - Albarr\u00e1n Bourdais","isPartOf":{"@id":"https:\/\/albarran-bourdais.com\/#website"},"primaryImageOfPage":{"@id":"https:\/\/albarran-bourdais.com\/es\/exhibition\/julio-le-parc-2\/#primaryimage"},"image":{"@id":"https:\/\/albarran-bourdais.com\/es\/exhibition\/julio-le-parc-2\/#primaryimage"},"thumbnailUrl":"https:\/\/albarran-bourdais.com\/wp-content\/uploads\/2025\/02\/JL_POSTAL_RGB-scaled.jpg","datePublished":"2025-02-14T17:23:13+00:00","dateModified":"2025-05-14T15:50:09+00:00","breadcrumb":{"@id":"https:\/\/albarran-bourdais.com\/es\/exhibition\/julio-le-parc-2\/#breadcrumb"},"inLanguage":"es","potentialAction":[{"@type":"ReadAction","target":["https:\/\/albarran-bourdais.com\/es\/exhibition\/julio-le-parc-2\/"]}]},{"@type":"ImageObject","inLanguage":"es","@id":"https:\/\/albarran-bourdais.com\/es\/exhibition\/julio-le-parc-2\/#primaryimage","url":"https:\/\/albarran-bourdais.com\/wp-content\/uploads\/2025\/02\/JL_POSTAL_RGB-scaled.jpg","contentUrl":"https:\/\/albarran-bourdais.com\/wp-content\/uploads\/2025\/02\/JL_POSTAL_RGB-scaled.jpg","width":2560,"height":2555},{"@type":"BreadcrumbList","@id":"https:\/\/albarran-bourdais.com\/es\/exhibition\/julio-le-parc-2\/#breadcrumb","itemListElement":[{"@type":"ListItem","position":1,"name":"Accueil","item":"https:\/\/albarran-bourdais.com\/es\/"},{"@type":"ListItem","position":2,"name":"Julio Le Parc. En movimiento"}]},{"@type":"WebSite","@id":"https:\/\/albarran-bourdais.com\/#website","url":"https:\/\/albarran-bourdais.com\/","name":"Albarr\u00e1n Bourdais","description":"Art Gallery","potentialAction":[{"@type":"SearchAction","target":{"@type":"EntryPoint","urlTemplate":"https:\/\/albarran-bourdais.com\/?s={search_term_string}"},"query-input":{"@type":"PropertyValueSpecification","valueRequired":true,"valueName":"search_term_string"}}],"inLanguage":"es"}]}},"_links":{"self":[{"href":"https:\/\/albarran-bourdais.com\/es\/wp-json\/wp\/v2\/projet\/6646","targetHints":{"allow":["GET"]}}],"collection":[{"href":"https:\/\/albarran-bourdais.com\/es\/wp-json\/wp\/v2\/projet"}],"about":[{"href":"https:\/\/albarran-bourdais.com\/es\/wp-json\/wp\/v2\/types\/projet"}],"wp:featuredmedia":[{"embeddable":true,"href":"https:\/\/albarran-bourdais.com\/es\/wp-json\/wp\/v2\/media\/6619"}],"wp:attachment":[{"href":"https:\/\/albarran-bourdais.com\/es\/wp-json\/wp\/v2\/media?parent=6646"}],"wp:term":[{"taxonomy":"category","embeddable":true,"href":"https:\/\/albarran-bourdais.com\/es\/wp-json\/wp\/v2\/categories?post=6646"}],"curies":[{"name":"wp","href":"https:\/\/api.w.org\/{rel}","templated":true}]}}

<p>6 de marzo &#8211; 3 de mayo</p>
<p>&nbsp;</p>
<p>Nacido en Mendoza, Argentina, en 1928. Vive y trabaja en París.</p>
<p>&nbsp;</p>
<p>Julio Le Parc es una de las figuras más reconocidas y pioneras en el campo del arte cinético y el op-art. En 1960 fundó el influyente Groupe de Recherche d&#8217;Art Visuel (GRAV) junto a los artistas Horacio Garcia Rossi, Francisco Sobrino, François Morellet, Joël Stein y Jean-Pierre Vasarely (Yvaral). Desde mediados del siglo XX, Le Parc ha desarrollado una prolífica carrera con obras vibrantes e instalaciones inmersivas, creadas a partir de rigurosos sistemas de composición y correlación de formas.</p>
<p>&nbsp;</p>
<p>En paralelo a su trabajo colectivo con otros artistas, Le Parc ha desarrollado una obra pionera en el campo del arte cinético y óptico, explorando la inestabilidad de la percepción a través de importantes creaciones basadas en la luz y el movimiento.</p>
<p>&nbsp;</p>
<p>Aplicando principios organizativos en su pintura, desde el uso de catorce escalas cromáticas hasta combinaciones infinitas y precisas de blanco, gris y negro, Le Parc sitúa al espectador en el centro de su obra. A través de dispositivos ópticos que incluyen secuencias, rotaciones y progresiones, invita al público a revitalizar su capacidad de observar, reaccionar, reflexionar, comparar y crear.</p>
<p>&nbsp;</p>
<p>Le Parc ha realizado exposiciones individuales en instituciones como el Met Museum, Nueva York; Palais de Tokyo, París; Tabakalera, San Sebastián; Pérez Art Museum, Miami; Serpentine Gallery, Londres; Museo de Arte Moderno, México; Moderna Museet, Estocolmo, entre muchas otras. Su obra gira en torno a la experimentación constante, lo que le ha valido premios como el Gran Premio Internacional de Pintura en la 33ª Bienal de Venecia en 1966.</p>
<p>&nbsp;</p>
<p>Su trabajo ha sido incluido en exposiciones colectivas sobre arte óptico y cinético en instituciones como el Whitney Museum of American Art, Nueva York; MoMA, Nueva York; Museo Nacional Centro de Arte Reina Sofía, Madrid; Grand Palais, París; Palazzo Grassi, Venecia; Louisiana Museum of Modern Art, Humlebaek; Hirshhorn Museum and Sculpture Garden, Washington; Centre Pompidou, París y Metz, entre otras.</p>
<p>&nbsp;</p>
<p>Su obra forma parte de las colecciones de instituciones como el MoMA, Nueva York; Tate Gallery, Londres; Musée d&#8217;Art Moderne de la Ville de Paris; Museo Nacional de Bellas Artes, Buenos Aires; Galleria Nazionale d&#8217;Arte Moderna, Roma, entre otras.</p>

<p>6 de marzo &#8211; 3 de mayo &nbsp; Nacido en Mendoza, Argentina, en 1928. Vive y trabaja en París. &nbsp;&#8230;</p>

<!-- This site is optimized with the Yoast SEO plugin v25.8 - https://yoast.com/wordpress/plugins/seo/ -->
<title>Julio Le Parc. En movimiento - Albarrán Bourdais</title>
<meta name="robots" content="index, follow, max-snippet:-1, max-image-preview:large, max-video-preview:-1" />
<link rel="canonical" href="https://albarran-bourdais.com/es/exhibition/julio-le-parc-2/" />
<meta property="og:locale" content="es_ES" />
<meta property="og:type" content="article" />
<meta property="og:title" content="Julio Le Parc. En movimiento - Albarrán Bourdais" />
<meta property="og:description" content="6 de marzo &#8211; 3 de mayo &nbsp; Nacido en Mendoza, Argentina, en 1928. Vive y trabaja en París. &nbsp;..." />
<meta property="og:url" content="https://albarran-bourdais.com/es/exhibition/julio-le-parc-2/" />
<meta property="og:site_name" content="Albarrán Bourdais" />
<meta property="article:modified_time" content="2025-05-14T15:50:09+00:00" />
<meta property="og:image" content="https://albarran-bourdais.com/wp-content/uploads/2025/02/JL_POSTAL_RGB-scaled.jpg" />
	<meta property="og:image:width" content="2560" />
	<meta property="og:image:height" content="2555" />
	<meta property="og:image:type" content="image/jpeg" />
<meta name="twitter:card" content="summary_large_image" />
<meta name="twitter:label1" content="Tiempo de lectura" />
	<meta name="twitter:data1" content="2 minutos" />
<script type="application/ld+json" class="yoast-schema-graph">{"@context":"https://schema.org","@graph":[{"@type":"WebPage","@id":"https://albarran-bourdais.com/es/exhibition/julio-le-parc-2/","url":"https://albarran-bourdais.com/es/exhibition/julio-le-parc-2/","name":"Julio Le Parc. En movimiento - Albarrán Bourdais","isPartOf":{"@id":"https://albarran-bourdais.com/#website"},"primaryImageOfPage":{"@id":"https://albarran-bourdais.com/es/exhibition/julio-le-parc-2/#primaryimage"},"image":{"@id":"https://albarran-bourdais.com/es/exhibition/julio-le-parc-2/#primaryimage"},"thumbnailUrl":"https://albarran-bourdais.com/wp-content/uploads/2025/02/JL_POSTAL_RGB-scaled.jpg","datePublished":"2025-02-14T17:23:13+00:00","dateModified":"2025-05-14T15:50:09+00:00","breadcrumb":{"@id":"https://albarran-bourdais.com/es/exhibition/julio-le-parc-2/#breadcrumb"},"inLanguage":"es","potentialAction":[{"@type":"ReadAction","target":["https://albarran-bourdais.com/es/exhibition/julio-le-parc-2/"]}]},{"@type":"ImageObject","inLanguage":"es","@id":"https://albarran-bourdais.com/es/exhibition/julio-le-parc-2/#primaryimage","url":"https://albarran-bourdais.com/wp-content/uploads/2025/02/JL_POSTAL_RGB-scaled.jpg","contentUrl":"https://albarran-bourdais.com/wp-content/uploads/2025/02/JL_POSTAL_RGB-scaled.jpg","width":2560,"height":2555},{"@type":"BreadcrumbList","@id":"https://albarran-bourdais.com/es/exhibition/julio-le-parc-2/#breadcrumb","itemListElement":[{"@type":"ListItem","position":1,"name":"Accueil","item":"https://albarran-bourdais.com/es/"},{"@type":"ListItem","position":2,"name":"Julio Le Parc. En movimiento"}]},{"@type":"WebSite","@id":"https://albarran-bourdais.com/#website","url":"https://albarran-bourdais.com/","name":"Albarrán Bourdais","description":"Art Gallery","potentialAction":[{"@type":"SearchAction","target":{"@type":"EntryPoint","urlTemplate":"https://albarran-bourdais.com/?s={search_term_string}"},"query-input":{"@type":"PropertyValueSpecification","valueRequired":true,"valueName":"search_term_string"}}],"inLanguage":"es"}]}</script>
<!-- / Yoast SEO plugin. -->

Julio Le Parc. En movimiento - Albarrán Bourdais

6 de marzo &#8211; 3 de mayo &nbsp; Nacido en Mendoza, Argentina, en 1928. Vive y trabaja en París. &nbsp;...

Albarrán Bourdais
