{"id":1124,"date":"2020-02-18T11:07:11","date_gmt":"2020-02-18T10:07:11","guid":{"rendered":"https:\/\/albarran-bourdais.com\/exhibition\/felice-varini-2-copy\/"},"modified":"2020-04-17T19:50:50","modified_gmt":"2020-04-17T17:50:50","slug":"felice-varini-2-copy","status":"publish","type":"projet","link":"https:\/\/albarran-bourdais.com\/es\/exhibition\/felice-varini-2-copy\/","title":{"rendered":"Felice Varini"},"content":{"rendered":"\n<p>28.11.2019 &#8211; 15.02.2020<\/p>\n<p>Felice Varini (Locarno, Suiza, 1952) utiliza como campo de acci\u00f3n el espacio arquitect\u00f3nico y todo lo que compone dicho espacio. La arquitectura es y sigue siendo el medio original de su obra, trabajando \u00abin situ\u00bb, adapt\u00e1ndose a ella y creando una obra que tiene en cuenta todo sus elementos : materiales, historia, funci\u00f3n y entorno. A partir de esa informaci\u00f3n, fija un punto de vista espec\u00edfico en el espacio desde el cual su intervenci\u00f3n toma forma. Este punto de vista est\u00e1 situado a la altura de los ojos y preferiblemente a lo largo de una ruta inevitable desde la cual nos invita a parar y mirar.\u00a0<\/p>\n<p>\u00a0<\/p>\n<p>Su pintura aparece ante nosotros al recorrer ese camino y encontrar el lugar preciso al que Varini nos quiere llevar. Si nos movemos, la obra cambia, nunca es la misma, form\u00e1ndose casi infinitas perspectivas y figuras.\u00a0La realidad nunca se ve alterada, borrada o modificada, esa parte de su obra le interesa y le seduce en toda su complejidad.<\/p>\n<p>\u00a0<\/p>\n<p>En su pr\u00e1ctica podemos diferenciar dos fen\u00f3menos opuestos. Por una parte, las proyecciones sobre la superficie que se aplican al espacio y que m\u00e1s tarde se pintan con esa misma forma, y por otro lado,\u00a0 el papel del observador que experimenta esas \u00a0formas espacialmente. Lo que vemos es una pintura que emerge libremente del espacio, como un caleidoscopio inteligible de fragmentos que juega con nuestra percepci\u00f3n, que se muestra en un principio como un tejido ordenado de l\u00edneas y que al siguiente momento se desintegra en fragmentos.<\/p>\n<p>\u00a0<\/p>\n<p>Por primera vez en Madrid, Felice nos presenta una exposici\u00f3n en la que podemos ver la \u00ab\u00a0reactualizaci\u00f3n\u00a0\u00bb, como \u00e9l mismo dice, de algunas de sus obras m\u00e1s representativas.<\/p>\n<p>En este caso, toma como referencia objetos \u00fatiles y cotidianos como un sombrero, un espejo o un piano y partir de ellos crea la forma de su obra, desarroll\u00e1ndola libremente en torno a ellos. En cada una de las piezas se genera una din\u00e1mica distinta entre el observador y el objeto, cre\u00e1ndose nuevas perspectivas y formas de poder apreciarla.<\/p>\n<p>\u00a0<\/p>\n<p>\u00a0<\/p>\n","protected":false},"excerpt":{"rendered":"","protected":false},"featured_media":986,"template":"","categories":[12,26,4],"class_list":["post-1124","projet","type-projet","status-publish","has-post-thumbnail","hentry","category-actualmente-en-el-muro","category-madrid","category-past-exhibition"],"acf":[],"yoast_head":"<!-- This site is optimized with the Yoast SEO plugin v25.8 - https:\/\/yoast.com\/wordpress\/plugins\/seo\/ -->\n<title>Felice Varini - Albarr\u00e1n Bourdais<\/title>\n<meta name=\"robots\" content=\"index, follow, max-snippet:-1, max-image-preview:large, max-video-preview:-1\" \/>\n<link rel=\"canonical\" href=\"https:\/\/albarran-bourdais.com\/es\/exhibition\/felice-varini-2-copy\/\" \/>\n<meta property=\"og:locale\" content=\"es_ES\" \/>\n<meta property=\"og:type\" content=\"article\" \/>\n<meta property=\"og:title\" content=\"Felice Varini - Albarr\u00e1n Bourdais\" \/>\n<meta property=\"og:url\" content=\"https:\/\/albarran-bourdais.com\/es\/exhibition\/felice-varini-2-copy\/\" \/>\n<meta property=\"og:site_name\" content=\"Albarr\u00e1n Bourdais\" \/>\n<meta property=\"article:modified_time\" content=\"2020-04-17T17:50:50+00:00\" \/>\n<meta property=\"og:image\" content=\"https:\/\/albarran-bourdais.com\/wp-content\/uploads\/2019\/11\/ALBARRAN-BOURDAIS_FELICE-VARINI_expo_25_NOVIEMBRE_2019_MG_4928.jpg\" \/>\n\t<meta property=\"og:image:width\" content=\"1333\" \/>\n\t<meta property=\"og:image:height\" content=\"2000\" \/>\n\t<meta property=\"og:image:type\" content=\"image\/jpeg\" \/>\n<meta name=\"twitter:card\" content=\"summary_large_image\" \/>\n<meta name=\"twitter:label1\" content=\"Tiempo de lectura\" \/>\n\t<meta name=\"twitter:data1\" content=\"2 minutos\" \/>\n<script type=\"application\/ld+json\" class=\"yoast-schema-graph\">{\"@context\":\"https:\/\/schema.org\",\"@graph\":[{\"@type\":\"WebPage\",\"@id\":\"https:\/\/albarran-bourdais.com\/es\/exhibition\/felice-varini-2-copy\/\",\"url\":\"https:\/\/albarran-bourdais.com\/es\/exhibition\/felice-varini-2-copy\/\",\"name\":\"Felice Varini - Albarr\u00e1n Bourdais\",\"isPartOf\":{\"@id\":\"https:\/\/albarran-bourdais.com\/#website\"},\"primaryImageOfPage\":{\"@id\":\"https:\/\/albarran-bourdais.com\/es\/exhibition\/felice-varini-2-copy\/#primaryimage\"},\"image\":{\"@id\":\"https:\/\/albarran-bourdais.com\/es\/exhibition\/felice-varini-2-copy\/#primaryimage\"},\"thumbnailUrl\":\"https:\/\/albarran-bourdais.com\/wp-content\/uploads\/2019\/11\/ALBARRAN-BOURDAIS_FELICE-VARINI_expo_25_NOVIEMBRE_2019_MG_4928.jpg\",\"datePublished\":\"2020-02-18T10:07:11+00:00\",\"dateModified\":\"2020-04-17T17:50:50+00:00\",\"breadcrumb\":{\"@id\":\"https:\/\/albarran-bourdais.com\/es\/exhibition\/felice-varini-2-copy\/#breadcrumb\"},\"inLanguage\":\"es\",\"potentialAction\":[{\"@type\":\"ReadAction\",\"target\":[\"https:\/\/albarran-bourdais.com\/es\/exhibition\/felice-varini-2-copy\/\"]}]},{\"@type\":\"ImageObject\",\"inLanguage\":\"es\",\"@id\":\"https:\/\/albarran-bourdais.com\/es\/exhibition\/felice-varini-2-copy\/#primaryimage\",\"url\":\"https:\/\/albarran-bourdais.com\/wp-content\/uploads\/2019\/11\/ALBARRAN-BOURDAIS_FELICE-VARINI_expo_25_NOVIEMBRE_2019_MG_4928.jpg\",\"contentUrl\":\"https:\/\/albarran-bourdais.com\/wp-content\/uploads\/2019\/11\/ALBARRAN-BOURDAIS_FELICE-VARINI_expo_25_NOVIEMBRE_2019_MG_4928.jpg\",\"width\":1333,\"height\":2000},{\"@type\":\"BreadcrumbList\",\"@id\":\"https:\/\/albarran-bourdais.com\/es\/exhibition\/felice-varini-2-copy\/#breadcrumb\",\"itemListElement\":[{\"@type\":\"ListItem\",\"position\":1,\"name\":\"Accueil\",\"item\":\"https:\/\/albarran-bourdais.com\/es\/\"},{\"@type\":\"ListItem\",\"position\":2,\"name\":\"Felice Varini\"}]},{\"@type\":\"WebSite\",\"@id\":\"https:\/\/albarran-bourdais.com\/#website\",\"url\":\"https:\/\/albarran-bourdais.com\/\",\"name\":\"Albarr\u00e1n Bourdais\",\"description\":\"Art Gallery\",\"potentialAction\":[{\"@type\":\"SearchAction\",\"target\":{\"@type\":\"EntryPoint\",\"urlTemplate\":\"https:\/\/albarran-bourdais.com\/?s={search_term_string}\"},\"query-input\":{\"@type\":\"PropertyValueSpecification\",\"valueRequired\":true,\"valueName\":\"search_term_string\"}}],\"inLanguage\":\"es\"}]}<\/script>\n<!-- \/ Yoast SEO plugin. -->","yoast_head_json":{"title":"Felice Varini - Albarr\u00e1n Bourdais","robots":{"index":"index","follow":"follow","max-snippet":"max-snippet:-1","max-image-preview":"max-image-preview:large","max-video-preview":"max-video-preview:-1"},"canonical":"https:\/\/albarran-bourdais.com\/es\/exhibition\/felice-varini-2-copy\/","og_locale":"es_ES","og_type":"article","og_title":"Felice Varini - Albarr\u00e1n Bourdais","og_url":"https:\/\/albarran-bourdais.com\/es\/exhibition\/felice-varini-2-copy\/","og_site_name":"Albarr\u00e1n Bourdais","article_modified_time":"2020-04-17T17:50:50+00:00","og_image":[{"width":1333,"height":2000,"url":"https:\/\/albarran-bourdais.com\/wp-content\/uploads\/2019\/11\/ALBARRAN-BOURDAIS_FELICE-VARINI_expo_25_NOVIEMBRE_2019_MG_4928.jpg","type":"image\/jpeg"}],"twitter_card":"summary_large_image","twitter_misc":{"Tiempo de lectura":"2 minutos"},"schema":{"@context":"https:\/\/schema.org","@graph":[{"@type":"WebPage","@id":"https:\/\/albarran-bourdais.com\/es\/exhibition\/felice-varini-2-copy\/","url":"https:\/\/albarran-bourdais.com\/es\/exhibition\/felice-varini-2-copy\/","name":"Felice Varini - Albarr\u00e1n Bourdais","isPartOf":{"@id":"https:\/\/albarran-bourdais.com\/#website"},"primaryImageOfPage":{"@id":"https:\/\/albarran-bourdais.com\/es\/exhibition\/felice-varini-2-copy\/#primaryimage"},"image":{"@id":"https:\/\/albarran-bourdais.com\/es\/exhibition\/felice-varini-2-copy\/#primaryimage"},"thumbnailUrl":"https:\/\/albarran-bourdais.com\/wp-content\/uploads\/2019\/11\/ALBARRAN-BOURDAIS_FELICE-VARINI_expo_25_NOVIEMBRE_2019_MG_4928.jpg","datePublished":"2020-02-18T10:07:11+00:00","dateModified":"2020-04-17T17:50:50+00:00","breadcrumb":{"@id":"https:\/\/albarran-bourdais.com\/es\/exhibition\/felice-varini-2-copy\/#breadcrumb"},"inLanguage":"es","potentialAction":[{"@type":"ReadAction","target":["https:\/\/albarran-bourdais.com\/es\/exhibition\/felice-varini-2-copy\/"]}]},{"@type":"ImageObject","inLanguage":"es","@id":"https:\/\/albarran-bourdais.com\/es\/exhibition\/felice-varini-2-copy\/#primaryimage","url":"https:\/\/albarran-bourdais.com\/wp-content\/uploads\/2019\/11\/ALBARRAN-BOURDAIS_FELICE-VARINI_expo_25_NOVIEMBRE_2019_MG_4928.jpg","contentUrl":"https:\/\/albarran-bourdais.com\/wp-content\/uploads\/2019\/11\/ALBARRAN-BOURDAIS_FELICE-VARINI_expo_25_NOVIEMBRE_2019_MG_4928.jpg","width":1333,"height":2000},{"@type":"BreadcrumbList","@id":"https:\/\/albarran-bourdais.com\/es\/exhibition\/felice-varini-2-copy\/#breadcrumb","itemListElement":[{"@type":"ListItem","position":1,"name":"Accueil","item":"https:\/\/albarran-bourdais.com\/es\/"},{"@type":"ListItem","position":2,"name":"Felice Varini"}]},{"@type":"WebSite","@id":"https:\/\/albarran-bourdais.com\/#website","url":"https:\/\/albarran-bourdais.com\/","name":"Albarr\u00e1n Bourdais","description":"Art Gallery","potentialAction":[{"@type":"SearchAction","target":{"@type":"EntryPoint","urlTemplate":"https:\/\/albarran-bourdais.com\/?s={search_term_string}"},"query-input":{"@type":"PropertyValueSpecification","valueRequired":true,"valueName":"search_term_string"}}],"inLanguage":"es"}]}},"_links":{"self":[{"href":"https:\/\/albarran-bourdais.com\/es\/wp-json\/wp\/v2\/projet\/1124","targetHints":{"allow":["GET"]}}],"collection":[{"href":"https:\/\/albarran-bourdais.com\/es\/wp-json\/wp\/v2\/projet"}],"about":[{"href":"https:\/\/albarran-bourdais.com\/es\/wp-json\/wp\/v2\/types\/projet"}],"wp:featuredmedia":[{"embeddable":true,"href":"https:\/\/albarran-bourdais.com\/es\/wp-json\/wp\/v2\/media\/986"}],"wp:attachment":[{"href":"https:\/\/albarran-bourdais.com\/es\/wp-json\/wp\/v2\/media?parent=1124"}],"wp:term":[{"taxonomy":"category","embeddable":true,"href":"https:\/\/albarran-bourdais.com\/es\/wp-json\/wp\/v2\/categories?post=1124"}],"curies":[{"name":"wp","href":"https:\/\/api.w.org\/{rel}","templated":true}]}}

<p>28.11.2019 &#8211; 15.02.2020</p>
<p>Felice Varini (Locarno, Suiza, 1952) utiliza como campo de acción el espacio arquitectónico y todo lo que compone dicho espacio. La arquitectura es y sigue siendo el medio original de su obra, trabajando «in situ», adaptándose a ella y creando una obra que tiene en cuenta todo sus elementos : materiales, historia, función y entorno. A partir de esa información, fija un punto de vista específico en el espacio desde el cual su intervención toma forma. Este punto de vista está situado a la altura de los ojos y preferiblemente a lo largo de una ruta inevitable desde la cual nos invita a parar y mirar. </p>
<p> </p>
<p>Su pintura aparece ante nosotros al recorrer ese camino y encontrar el lugar preciso al que Varini nos quiere llevar. Si nos movemos, la obra cambia, nunca es la misma, formándose casi infinitas perspectivas y figuras. La realidad nunca se ve alterada, borrada o modificada, esa parte de su obra le interesa y le seduce en toda su complejidad.</p>
<p> </p>
<p>En su práctica podemos diferenciar dos fenómenos opuestos. Por una parte, las proyecciones sobre la superficie que se aplican al espacio y que más tarde se pintan con esa misma forma, y por otro lado,  el papel del observador que experimenta esas  formas espacialmente. Lo que vemos es una pintura que emerge libremente del espacio, como un caleidoscopio inteligible de fragmentos que juega con nuestra percepción, que se muestra en un principio como un tejido ordenado de líneas y que al siguiente momento se desintegra en fragmentos.</p>
<p> </p>
<p>Por primera vez en Madrid, Felice nos presenta una exposición en la que podemos ver la « reactualización », como él mismo dice, de algunas de sus obras más representativas.</p>
<p>En este caso, toma como referencia objetos útiles y cotidianos como un sombrero, un espejo o un piano y partir de ellos crea la forma de su obra, desarrollándola libremente en torno a ellos. En cada una de las piezas se genera una dinámica distinta entre el observador y el objeto, creándose nuevas perspectivas y formas de poder apreciarla.</p>
<p> </p>
<p> </p>

<!-- This site is optimized with the Yoast SEO plugin v25.8 - https://yoast.com/wordpress/plugins/seo/ -->
<title>Felice Varini - Albarrán Bourdais</title>
<meta name="robots" content="index, follow, max-snippet:-1, max-image-preview:large, max-video-preview:-1" />
<link rel="canonical" href="https://albarran-bourdais.com/es/exhibition/felice-varini-2-copy/" />
<meta property="og:locale" content="es_ES" />
<meta property="og:type" content="article" />
<meta property="og:title" content="Felice Varini - Albarrán Bourdais" />
<meta property="og:url" content="https://albarran-bourdais.com/es/exhibition/felice-varini-2-copy/" />
<meta property="og:site_name" content="Albarrán Bourdais" />
<meta property="article:modified_time" content="2020-04-17T17:50:50+00:00" />
<meta property="og:image" content="https://albarran-bourdais.com/wp-content/uploads/2019/11/ALBARRAN-BOURDAIS_FELICE-VARINI_expo_25_NOVIEMBRE_2019_MG_4928.jpg" />
	<meta property="og:image:width" content="1333" />
	<meta property="og:image:height" content="2000" />
	<meta property="og:image:type" content="image/jpeg" />
<meta name="twitter:card" content="summary_large_image" />
<meta name="twitter:label1" content="Tiempo de lectura" />
	<meta name="twitter:data1" content="2 minutos" />
<script type="application/ld+json" class="yoast-schema-graph">{"@context":"https://schema.org","@graph":[{"@type":"WebPage","@id":"https://albarran-bourdais.com/es/exhibition/felice-varini-2-copy/","url":"https://albarran-bourdais.com/es/exhibition/felice-varini-2-copy/","name":"Felice Varini - Albarrán Bourdais","isPartOf":{"@id":"https://albarran-bourdais.com/#website"},"primaryImageOfPage":{"@id":"https://albarran-bourdais.com/es/exhibition/felice-varini-2-copy/#primaryimage"},"image":{"@id":"https://albarran-bourdais.com/es/exhibition/felice-varini-2-copy/#primaryimage"},"thumbnailUrl":"https://albarran-bourdais.com/wp-content/uploads/2019/11/ALBARRAN-BOURDAIS_FELICE-VARINI_expo_25_NOVIEMBRE_2019_MG_4928.jpg","datePublished":"2020-02-18T10:07:11+00:00","dateModified":"2020-04-17T17:50:50+00:00","breadcrumb":{"@id":"https://albarran-bourdais.com/es/exhibition/felice-varini-2-copy/#breadcrumb"},"inLanguage":"es","potentialAction":[{"@type":"ReadAction","target":["https://albarran-bourdais.com/es/exhibition/felice-varini-2-copy/"]}]},{"@type":"ImageObject","inLanguage":"es","@id":"https://albarran-bourdais.com/es/exhibition/felice-varini-2-copy/#primaryimage","url":"https://albarran-bourdais.com/wp-content/uploads/2019/11/ALBARRAN-BOURDAIS_FELICE-VARINI_expo_25_NOVIEMBRE_2019_MG_4928.jpg","contentUrl":"https://albarran-bourdais.com/wp-content/uploads/2019/11/ALBARRAN-BOURDAIS_FELICE-VARINI_expo_25_NOVIEMBRE_2019_MG_4928.jpg","width":1333,"height":2000},{"@type":"BreadcrumbList","@id":"https://albarran-bourdais.com/es/exhibition/felice-varini-2-copy/#breadcrumb","itemListElement":[{"@type":"ListItem","position":1,"name":"Accueil","item":"https://albarran-bourdais.com/es/"},{"@type":"ListItem","position":2,"name":"Felice Varini"}]},{"@type":"WebSite","@id":"https://albarran-bourdais.com/#website","url":"https://albarran-bourdais.com/","name":"Albarrán Bourdais","description":"Art Gallery","potentialAction":[{"@type":"SearchAction","target":{"@type":"EntryPoint","urlTemplate":"https://albarran-bourdais.com/?s={search_term_string}"},"query-input":{"@type":"PropertyValueSpecification","valueRequired":true,"valueName":"search_term_string"}}],"inLanguage":"es"}]}</script>
<!-- / Yoast SEO plugin. -->

Felice Varini - Albarrán Bourdais

Albarrán Bourdais
