{"id":569,"date":"2019-01-21T17:08:52","date_gmt":"2019-01-21T16:08:52","guid":{"rendered":"http:\/\/galeria-solo.com\/artist\/felice-varini\/"},"modified":"2025-01-29T15:27:00","modified_gmt":"2025-01-29T14:27:00","slug":"felice-varini","status":"publish","type":"person","link":"https:\/\/albarran-bourdais.com\/es\/artist\/felice-varini\/","title":{"rendered":"Felice Varini"},"content":{"rendered":"<p>Nacido en Locarno, Suiza, en 1952. Vive y trabaja en Par\u00eds, Francia.<\/p>\n<p>&nbsp;<\/p>\n<p>Celebrado como uno de los pioneros en el estudio de la geometr\u00eda y el color, Felice Varini es conocido por sus pinturas espaciales de perspectiva localizada creadas sobre espacios arquitect\u00f3nicos y urbanos de todo el mundo \u2013 como calles, edificios y monumentos p\u00fablicos.<\/p>\n<p>&nbsp;<\/p>\n<p>Desde la d\u00e9cada de 1970, Varini trabaja con tem\u00e1ticas relacionados con la representaci\u00f3n y la percepci\u00f3n del espectador. Su obra establece un di\u00e1logo permanente entre el lugar de su creaci\u00f3n y su percepci\u00f3n. Seg\u00fan el artista, \u00abla forma pintada es coherente cuando el espectador se sit\u00faa en un lugar determinado. Cuando el individuo se desplaza de ese punto de vista, la obra entra en el espacio, lo que da lugar a un n\u00famero infinito de perspectivas de la obra. Aunque establezco una relaci\u00f3n especial con las caracter\u00edsticas arquitect\u00f3nicas que influyen en la forma de la instalaci\u00f3n, mi obra conserva su independencia independientemente de las arquitecturas que encuentre. Parto de una situaci\u00f3n real para construir mi cuadro\u00bb.<\/p>\n<p>&nbsp;<\/p>\n<p>Las obras de Varini, a menudo compuestas de formas geom\u00e9tricas simples, est\u00e1n pensadas para ser vistas tanto en fragmentos como en su conjunto, ya que la comprensi\u00f3n de sus obras puede alterarse seg\u00fan el punto de vista del espectador. Jugando con formas geom\u00e9tricas simples y colores, la obra del artista habita y convive con el espacio en el que se inserta, para dar a sus pinturas un espectacular efecto tridimensional.<\/p>\n<p>&nbsp;<\/p>\n<p>Varini ha presentado obras en importantes museos y espacios p\u00fablicos de todo el mundo, como el edificio DDP de Zaha Hadid en Se\u00fal, Corea del Sur (2024), el Castillo de Carcassone, Francia (2018), el Grand Palais de Par\u00eds, Francia (2013), Cardiff Bay Barrage, Gales (2007), el Osaka Art Kaleidoscope, Osaka, Jap\u00f3n (2007), Chateau de Versailles, Francia (2006), entre muchos otros.<\/p>\n<p>&nbsp;<\/p>\n","protected":false},"featured_media":0,"template":"","class_list":["post-569","person","type-person","status-publish","hentry"],"acf":[],"yoast_head":"<!-- This site is optimized with the Yoast SEO plugin v25.8 - https:\/\/yoast.com\/wordpress\/plugins\/seo\/ -->\n<title>Felice Varini - Albarr\u00e1n Bourdais<\/title>\n<meta name=\"robots\" content=\"index, follow, max-snippet:-1, max-image-preview:large, max-video-preview:-1\" \/>\n<link rel=\"canonical\" href=\"https:\/\/albarran-bourdais.com\/artist\/felice-varini\/\" \/>\n<meta property=\"og:locale\" content=\"es_ES\" \/>\n<meta property=\"og:type\" content=\"article\" \/>\n<meta property=\"og:title\" content=\"Felice Varini - Albarr\u00e1n Bourdais\" \/>\n<meta property=\"og:description\" content=\"Nacido en Locarno, Suiza, en 1952. Vive y trabaja en Par\u00eds, Francia. &nbsp; Celebrado como uno de los pioneros en...\" \/>\n<meta property=\"og:url\" content=\"https:\/\/albarran-bourdais.com\/artist\/felice-varini\/\" \/>\n<meta property=\"og:site_name\" content=\"Albarr\u00e1n Bourdais\" \/>\n<meta property=\"article:modified_time\" content=\"2025-01-29T14:27:00+00:00\" \/>\n<meta name=\"twitter:card\" content=\"summary_large_image\" \/>\n<meta name=\"twitter:label1\" content=\"Tiempo de lectura\" \/>\n\t<meta name=\"twitter:data1\" content=\"2 minutos\" \/>\n<script type=\"application\/ld+json\" class=\"yoast-schema-graph\">{\"@context\":\"https:\/\/schema.org\",\"@graph\":[{\"@type\":\"WebPage\",\"@id\":\"https:\/\/albarran-bourdais.com\/artist\/felice-varini\/\",\"url\":\"https:\/\/albarran-bourdais.com\/artist\/felice-varini\/\",\"name\":\"Felice Varini - Albarr\u00e1n Bourdais\",\"isPartOf\":{\"@id\":\"https:\/\/albarran-bourdais.com\/#website\"},\"datePublished\":\"2019-01-21T16:08:52+00:00\",\"dateModified\":\"2025-01-29T14:27:00+00:00\",\"breadcrumb\":{\"@id\":\"https:\/\/albarran-bourdais.com\/artist\/felice-varini\/#breadcrumb\"},\"inLanguage\":\"es\",\"potentialAction\":[{\"@type\":\"ReadAction\",\"target\":[\"https:\/\/albarran-bourdais.com\/artist\/felice-varini\/\"]}]},{\"@type\":\"BreadcrumbList\",\"@id\":\"https:\/\/albarran-bourdais.com\/artist\/felice-varini\/#breadcrumb\",\"itemListElement\":[{\"@type\":\"ListItem\",\"position\":1,\"name\":\"Accueil\",\"item\":\"https:\/\/albarran-bourdais.com\/es\/\"},{\"@type\":\"ListItem\",\"position\":2,\"name\":\"Felice Varini\"}]},{\"@type\":\"WebSite\",\"@id\":\"https:\/\/albarran-bourdais.com\/#website\",\"url\":\"https:\/\/albarran-bourdais.com\/\",\"name\":\"Albarr\u00e1n Bourdais\",\"description\":\"Art Gallery\",\"potentialAction\":[{\"@type\":\"SearchAction\",\"target\":{\"@type\":\"EntryPoint\",\"urlTemplate\":\"https:\/\/albarran-bourdais.com\/?s={search_term_string}\"},\"query-input\":{\"@type\":\"PropertyValueSpecification\",\"valueRequired\":true,\"valueName\":\"search_term_string\"}}],\"inLanguage\":\"es\"}]}<\/script>\n<!-- \/ Yoast SEO plugin. -->","yoast_head_json":{"title":"Felice Varini - Albarr\u00e1n Bourdais","robots":{"index":"index","follow":"follow","max-snippet":"max-snippet:-1","max-image-preview":"max-image-preview:large","max-video-preview":"max-video-preview:-1"},"canonical":"https:\/\/albarran-bourdais.com\/artist\/felice-varini\/","og_locale":"es_ES","og_type":"article","og_title":"Felice Varini - Albarr\u00e1n Bourdais","og_description":"Nacido en Locarno, Suiza, en 1952. Vive y trabaja en Par\u00eds, Francia. &nbsp; Celebrado como uno de los pioneros en...","og_url":"https:\/\/albarran-bourdais.com\/artist\/felice-varini\/","og_site_name":"Albarr\u00e1n Bourdais","article_modified_time":"2025-01-29T14:27:00+00:00","twitter_card":"summary_large_image","twitter_misc":{"Tiempo de lectura":"2 minutos"},"schema":{"@context":"https:\/\/schema.org","@graph":[{"@type":"WebPage","@id":"https:\/\/albarran-bourdais.com\/artist\/felice-varini\/","url":"https:\/\/albarran-bourdais.com\/artist\/felice-varini\/","name":"Felice Varini - Albarr\u00e1n Bourdais","isPartOf":{"@id":"https:\/\/albarran-bourdais.com\/#website"},"datePublished":"2019-01-21T16:08:52+00:00","dateModified":"2025-01-29T14:27:00+00:00","breadcrumb":{"@id":"https:\/\/albarran-bourdais.com\/artist\/felice-varini\/#breadcrumb"},"inLanguage":"es","potentialAction":[{"@type":"ReadAction","target":["https:\/\/albarran-bourdais.com\/artist\/felice-varini\/"]}]},{"@type":"BreadcrumbList","@id":"https:\/\/albarran-bourdais.com\/artist\/felice-varini\/#breadcrumb","itemListElement":[{"@type":"ListItem","position":1,"name":"Accueil","item":"https:\/\/albarran-bourdais.com\/es\/"},{"@type":"ListItem","position":2,"name":"Felice Varini"}]},{"@type":"WebSite","@id":"https:\/\/albarran-bourdais.com\/#website","url":"https:\/\/albarran-bourdais.com\/","name":"Albarr\u00e1n Bourdais","description":"Art Gallery","potentialAction":[{"@type":"SearchAction","target":{"@type":"EntryPoint","urlTemplate":"https:\/\/albarran-bourdais.com\/?s={search_term_string}"},"query-input":{"@type":"PropertyValueSpecification","valueRequired":true,"valueName":"search_term_string"}}],"inLanguage":"es"}]}},"_links":{"self":[{"href":"https:\/\/albarran-bourdais.com\/es\/wp-json\/wp\/v2\/person\/569","targetHints":{"allow":["GET"]}}],"collection":[{"href":"https:\/\/albarran-bourdais.com\/es\/wp-json\/wp\/v2\/person"}],"about":[{"href":"https:\/\/albarran-bourdais.com\/es\/wp-json\/wp\/v2\/types\/person"}],"wp:attachment":[{"href":"https:\/\/albarran-bourdais.com\/es\/wp-json\/wp\/v2\/media?parent=569"}],"curies":[{"name":"wp","href":"https:\/\/api.w.org\/{rel}","templated":true}]}}

<p>Nacido en Locarno, Suiza, en 1952. Vive y trabaja en París, Francia.</p>
<p>&nbsp;</p>
<p>Celebrado como uno de los pioneros en el estudio de la geometría y el color, Felice Varini es conocido por sus pinturas espaciales de perspectiva localizada creadas sobre espacios arquitectónicos y urbanos de todo el mundo – como calles, edificios y monumentos públicos.</p>
<p>&nbsp;</p>
<p>Desde la década de 1970, Varini trabaja con temáticas relacionados con la representación y la percepción del espectador. Su obra establece un diálogo permanente entre el lugar de su creación y su percepción. Según el artista, «la forma pintada es coherente cuando el espectador se sitúa en un lugar determinado. Cuando el individuo se desplaza de ese punto de vista, la obra entra en el espacio, lo que da lugar a un número infinito de perspectivas de la obra. Aunque establezco una relación especial con las características arquitectónicas que influyen en la forma de la instalación, mi obra conserva su independencia independientemente de las arquitecturas que encuentre. Parto de una situación real para construir mi cuadro».</p>
<p>&nbsp;</p>
<p>Las obras de Varini, a menudo compuestas de formas geométricas simples, están pensadas para ser vistas tanto en fragmentos como en su conjunto, ya que la comprensión de sus obras puede alterarse según el punto de vista del espectador. Jugando con formas geométricas simples y colores, la obra del artista habita y convive con el espacio en el que se inserta, para dar a sus pinturas un espectacular efecto tridimensional.</p>
<p>&nbsp;</p>
<p>Varini ha presentado obras en importantes museos y espacios públicos de todo el mundo, como el edificio DDP de Zaha Hadid en Seúl, Corea del Sur (2024), el Castillo de Carcassone, Francia (2018), el Grand Palais de París, Francia (2013), Cardiff Bay Barrage, Gales (2007), el Osaka Art Kaleidoscope, Osaka, Japón (2007), Chateau de Versailles, Francia (2006), entre muchos otros.</p>
<p>&nbsp;</p>

<!-- This site is optimized with the Yoast SEO plugin v25.8 - https://yoast.com/wordpress/plugins/seo/ -->
<title>Felice Varini - Albarrán Bourdais</title>
<meta name="robots" content="index, follow, max-snippet:-1, max-image-preview:large, max-video-preview:-1" />
<link rel="canonical" href="https://albarran-bourdais.com/artist/felice-varini/" />
<meta property="og:locale" content="es_ES" />
<meta property="og:type" content="article" />
<meta property="og:title" content="Felice Varini - Albarrán Bourdais" />
<meta property="og:description" content="Nacido en Locarno, Suiza, en 1952. Vive y trabaja en París, Francia. &nbsp; Celebrado como uno de los pioneros en..." />
<meta property="og:url" content="https://albarran-bourdais.com/artist/felice-varini/" />
<meta property="og:site_name" content="Albarrán Bourdais" />
<meta property="article:modified_time" content="2025-01-29T14:27:00+00:00" />
<meta name="twitter:card" content="summary_large_image" />
<meta name="twitter:label1" content="Tiempo de lectura" />
	<meta name="twitter:data1" content="2 minutos" />
<script type="application/ld+json" class="yoast-schema-graph">{"@context":"https://schema.org","@graph":[{"@type":"WebPage","@id":"https://albarran-bourdais.com/artist/felice-varini/","url":"https://albarran-bourdais.com/artist/felice-varini/","name":"Felice Varini - Albarrán Bourdais","isPartOf":{"@id":"https://albarran-bourdais.com/#website"},"datePublished":"2019-01-21T16:08:52+00:00","dateModified":"2025-01-29T14:27:00+00:00","breadcrumb":{"@id":"https://albarran-bourdais.com/artist/felice-varini/#breadcrumb"},"inLanguage":"es","potentialAction":[{"@type":"ReadAction","target":["https://albarran-bourdais.com/artist/felice-varini/"]}]},{"@type":"BreadcrumbList","@id":"https://albarran-bourdais.com/artist/felice-varini/#breadcrumb","itemListElement":[{"@type":"ListItem","position":1,"name":"Accueil","item":"https://albarran-bourdais.com/es/"},{"@type":"ListItem","position":2,"name":"Felice Varini"}]},{"@type":"WebSite","@id":"https://albarran-bourdais.com/#website","url":"https://albarran-bourdais.com/","name":"Albarrán Bourdais","description":"Art Gallery","potentialAction":[{"@type":"SearchAction","target":{"@type":"EntryPoint","urlTemplate":"https://albarran-bourdais.com/?s={search_term_string}"},"query-input":{"@type":"PropertyValueSpecification","valueRequired":true,"valueName":"search_term_string"}}],"inLanguage":"es"}]}</script>
<!-- / Yoast SEO plugin. -->

Felice Varini - Albarrán Bourdais

Nacido en Locarno, Suiza, en 1952. Vive y trabaja en París, Francia. &nbsp; Celebrado como uno de los pioneros en...

Albarrán Bourdais
