{"id":5342,"date":"2023-07-28T16:09:35","date_gmt":"2023-07-28T14:09:35","guid":{"rendered":"https:\/\/albarran-bourdais.com\/?post_type=person&#038;p=5342"},"modified":"2023-07-28T16:09:35","modified_gmt":"2023-07-28T14:09:35","slug":"bernardo-ortiz","status":"publish","type":"person","link":"https:\/\/albarran-bourdais.com\/es\/artist\/bernardo-ortiz\/","title":{"rendered":"Bernardo Ortiz"},"content":{"rendered":"<p>Bernardo Ortiz estudi\u00f3 Artes Visuales y Filosof\u00eda. Ha presentado exposiciones individuales en Buenos Aires, Bogot\u00e1, S\u00e3o Paulo y Sevilla, y ha participado, entre otras, en exposiciones internacionales como la 11\u00e8me Biennale de Lyon, en Lyon (2011); Aire de Lyon, en laFundaci\u00f3n Proa de Buenos Aires (2011); la 30\u00aa Bienal Internacional de Arte de S\u00e3o Paulo,en S\u00e3o Paulo (2012); Marking Language, Drawing Room, en Londres (2013); Ephymeroptarae,en Viena (2013); la XI Bienal de Monterrey FEMSA, en Monterrey (2014); la XII Bienalde Cuenca, en Cuenca (2014); Game Piece (con Erick Beltr\u00e1n), REDCAT, en Los \u00c1ngeles(2015), VOLT, Bergen (2013) ; Monochrome Undone, en Los \u00c1ngeles (2015); y la 20thBiennale of Sydney, en S\u00eddney (2016). Su obra forma parte de importantes colecciones como: TheMuseum of Modern Art, Nueva York; Tate Modern, Londres; la Deutsche Bank Collection,Frankfurt; la Colecci\u00f3n Patricia Phelps de Cisneros, Nueva York; el Centre National desArts Plastiques (CNAP), Par\u00eds; y la Kadist Art Foundation, Par\u00eds.<\/p>\n","protected":false},"featured_media":0,"template":"","class_list":["post-5342","person","type-person","status-publish","hentry"],"acf":[],"yoast_head":"<!-- This site is optimized with the Yoast SEO plugin v25.8 - https:\/\/yoast.com\/wordpress\/plugins\/seo\/ -->\n<title>Bernardo Ortiz - Albarr\u00e1n Bourdais<\/title>\n<meta name=\"robots\" content=\"index, follow, max-snippet:-1, max-image-preview:large, max-video-preview:-1\" \/>\n<link rel=\"canonical\" href=\"https:\/\/albarran-bourdais.com\/artist\/bernardo-ortiz\/\" \/>\n<meta property=\"og:locale\" content=\"es_ES\" \/>\n<meta property=\"og:type\" content=\"article\" \/>\n<meta property=\"og:title\" content=\"Bernardo Ortiz - Albarr\u00e1n Bourdais\" \/>\n<meta property=\"og:description\" content=\"Bernardo Ortiz estudi\u00f3 Artes Visuales y Filosof\u00eda. Ha presentado exposiciones individuales en Buenos Aires, Bogot\u00e1, S\u00e3o Paulo y Sevilla, y...\" \/>\n<meta property=\"og:url\" content=\"https:\/\/albarran-bourdais.com\/artist\/bernardo-ortiz\/\" \/>\n<meta property=\"og:site_name\" content=\"Albarr\u00e1n Bourdais\" \/>\n<meta name=\"twitter:card\" content=\"summary_large_image\" \/>\n<meta name=\"twitter:label1\" content=\"Tiempo de lectura\" \/>\n\t<meta name=\"twitter:data1\" content=\"1 minuto\" \/>\n<script type=\"application\/ld+json\" class=\"yoast-schema-graph\">{\"@context\":\"https:\/\/schema.org\",\"@graph\":[{\"@type\":\"WebPage\",\"@id\":\"https:\/\/albarran-bourdais.com\/artist\/bernardo-ortiz\/\",\"url\":\"https:\/\/albarran-bourdais.com\/artist\/bernardo-ortiz\/\",\"name\":\"Bernardo Ortiz - Albarr\u00e1n Bourdais\",\"isPartOf\":{\"@id\":\"https:\/\/albarran-bourdais.com\/#website\"},\"datePublished\":\"2023-07-28T14:09:35+00:00\",\"breadcrumb\":{\"@id\":\"https:\/\/albarran-bourdais.com\/artist\/bernardo-ortiz\/#breadcrumb\"},\"inLanguage\":\"es\",\"potentialAction\":[{\"@type\":\"ReadAction\",\"target\":[\"https:\/\/albarran-bourdais.com\/artist\/bernardo-ortiz\/\"]}]},{\"@type\":\"BreadcrumbList\",\"@id\":\"https:\/\/albarran-bourdais.com\/artist\/bernardo-ortiz\/#breadcrumb\",\"itemListElement\":[{\"@type\":\"ListItem\",\"position\":1,\"name\":\"Accueil\",\"item\":\"https:\/\/albarran-bourdais.com\/es\/\"},{\"@type\":\"ListItem\",\"position\":2,\"name\":\"Bernardo Ortiz\"}]},{\"@type\":\"WebSite\",\"@id\":\"https:\/\/albarran-bourdais.com\/#website\",\"url\":\"https:\/\/albarran-bourdais.com\/\",\"name\":\"Albarr\u00e1n Bourdais\",\"description\":\"Art Gallery\",\"potentialAction\":[{\"@type\":\"SearchAction\",\"target\":{\"@type\":\"EntryPoint\",\"urlTemplate\":\"https:\/\/albarran-bourdais.com\/?s={search_term_string}\"},\"query-input\":{\"@type\":\"PropertyValueSpecification\",\"valueRequired\":true,\"valueName\":\"search_term_string\"}}],\"inLanguage\":\"es\"}]}<\/script>\n<!-- \/ Yoast SEO plugin. -->","yoast_head_json":{"title":"Bernardo Ortiz - Albarr\u00e1n Bourdais","robots":{"index":"index","follow":"follow","max-snippet":"max-snippet:-1","max-image-preview":"max-image-preview:large","max-video-preview":"max-video-preview:-1"},"canonical":"https:\/\/albarran-bourdais.com\/artist\/bernardo-ortiz\/","og_locale":"es_ES","og_type":"article","og_title":"Bernardo Ortiz - Albarr\u00e1n Bourdais","og_description":"Bernardo Ortiz estudi\u00f3 Artes Visuales y Filosof\u00eda. Ha presentado exposiciones individuales en Buenos Aires, Bogot\u00e1, S\u00e3o Paulo y Sevilla, y...","og_url":"https:\/\/albarran-bourdais.com\/artist\/bernardo-ortiz\/","og_site_name":"Albarr\u00e1n Bourdais","twitter_card":"summary_large_image","twitter_misc":{"Tiempo de lectura":"1 minuto"},"schema":{"@context":"https:\/\/schema.org","@graph":[{"@type":"WebPage","@id":"https:\/\/albarran-bourdais.com\/artist\/bernardo-ortiz\/","url":"https:\/\/albarran-bourdais.com\/artist\/bernardo-ortiz\/","name":"Bernardo Ortiz - Albarr\u00e1n Bourdais","isPartOf":{"@id":"https:\/\/albarran-bourdais.com\/#website"},"datePublished":"2023-07-28T14:09:35+00:00","breadcrumb":{"@id":"https:\/\/albarran-bourdais.com\/artist\/bernardo-ortiz\/#breadcrumb"},"inLanguage":"es","potentialAction":[{"@type":"ReadAction","target":["https:\/\/albarran-bourdais.com\/artist\/bernardo-ortiz\/"]}]},{"@type":"BreadcrumbList","@id":"https:\/\/albarran-bourdais.com\/artist\/bernardo-ortiz\/#breadcrumb","itemListElement":[{"@type":"ListItem","position":1,"name":"Accueil","item":"https:\/\/albarran-bourdais.com\/es\/"},{"@type":"ListItem","position":2,"name":"Bernardo Ortiz"}]},{"@type":"WebSite","@id":"https:\/\/albarran-bourdais.com\/#website","url":"https:\/\/albarran-bourdais.com\/","name":"Albarr\u00e1n Bourdais","description":"Art Gallery","potentialAction":[{"@type":"SearchAction","target":{"@type":"EntryPoint","urlTemplate":"https:\/\/albarran-bourdais.com\/?s={search_term_string}"},"query-input":{"@type":"PropertyValueSpecification","valueRequired":true,"valueName":"search_term_string"}}],"inLanguage":"es"}]}},"_links":{"self":[{"href":"https:\/\/albarran-bourdais.com\/es\/wp-json\/wp\/v2\/person\/5342","targetHints":{"allow":["GET"]}}],"collection":[{"href":"https:\/\/albarran-bourdais.com\/es\/wp-json\/wp\/v2\/person"}],"about":[{"href":"https:\/\/albarran-bourdais.com\/es\/wp-json\/wp\/v2\/types\/person"}],"wp:attachment":[{"href":"https:\/\/albarran-bourdais.com\/es\/wp-json\/wp\/v2\/media?parent=5342"}],"curies":[{"name":"wp","href":"https:\/\/api.w.org\/{rel}","templated":true}]}}

<p>Bernardo Ortiz estudió Artes Visuales y Filosofía. Ha presentado exposiciones individuales en Buenos Aires, Bogotá, São Paulo y Sevilla, y ha participado, entre otras, en exposiciones internacionales como la 11ème Biennale de Lyon, en Lyon (2011); Aire de Lyon, en laFundación Proa de Buenos Aires (2011); la 30ª Bienal Internacional de Arte de São Paulo,en São Paulo (2012); Marking Language, Drawing Room, en Londres (2013); Ephymeroptarae,en Viena (2013); la XI Bienal de Monterrey FEMSA, en Monterrey (2014); la XII Bienalde Cuenca, en Cuenca (2014); Game Piece (con Erick Beltrán), REDCAT, en Los Ángeles(2015), VOLT, Bergen (2013) ; Monochrome Undone, en Los Ángeles (2015); y la 20thBiennale of Sydney, en Sídney (2016). Su obra forma parte de importantes colecciones como: TheMuseum of Modern Art, Nueva York; Tate Modern, Londres; la Deutsche Bank Collection,Frankfurt; la Colección Patricia Phelps de Cisneros, Nueva York; el Centre National desArts Plastiques (CNAP), París; y la Kadist Art Foundation, París.</p>

<!-- This site is optimized with the Yoast SEO plugin v25.8 - https://yoast.com/wordpress/plugins/seo/ -->
<title>Bernardo Ortiz - Albarrán Bourdais</title>
<meta name="robots" content="index, follow, max-snippet:-1, max-image-preview:large, max-video-preview:-1" />
<link rel="canonical" href="https://albarran-bourdais.com/artist/bernardo-ortiz/" />
<meta property="og:locale" content="es_ES" />
<meta property="og:type" content="article" />
<meta property="og:title" content="Bernardo Ortiz - Albarrán Bourdais" />
<meta property="og:description" content="Bernardo Ortiz estudió Artes Visuales y Filosofía. Ha presentado exposiciones individuales en Buenos Aires, Bogotá, São Paulo y Sevilla, y..." />
<meta property="og:url" content="https://albarran-bourdais.com/artist/bernardo-ortiz/" />
<meta property="og:site_name" content="Albarrán Bourdais" />
<meta name="twitter:card" content="summary_large_image" />
<meta name="twitter:label1" content="Tiempo de lectura" />
	<meta name="twitter:data1" content="1 minuto" />
<script type="application/ld+json" class="yoast-schema-graph">{"@context":"https://schema.org","@graph":[{"@type":"WebPage","@id":"https://albarran-bourdais.com/artist/bernardo-ortiz/","url":"https://albarran-bourdais.com/artist/bernardo-ortiz/","name":"Bernardo Ortiz - Albarrán Bourdais","isPartOf":{"@id":"https://albarran-bourdais.com/#website"},"datePublished":"2023-07-28T14:09:35+00:00","breadcrumb":{"@id":"https://albarran-bourdais.com/artist/bernardo-ortiz/#breadcrumb"},"inLanguage":"es","potentialAction":[{"@type":"ReadAction","target":["https://albarran-bourdais.com/artist/bernardo-ortiz/"]}]},{"@type":"BreadcrumbList","@id":"https://albarran-bourdais.com/artist/bernardo-ortiz/#breadcrumb","itemListElement":[{"@type":"ListItem","position":1,"name":"Accueil","item":"https://albarran-bourdais.com/es/"},{"@type":"ListItem","position":2,"name":"Bernardo Ortiz"}]},{"@type":"WebSite","@id":"https://albarran-bourdais.com/#website","url":"https://albarran-bourdais.com/","name":"Albarrán Bourdais","description":"Art Gallery","potentialAction":[{"@type":"SearchAction","target":{"@type":"EntryPoint","urlTemplate":"https://albarran-bourdais.com/?s={search_term_string}"},"query-input":{"@type":"PropertyValueSpecification","valueRequired":true,"valueName":"search_term_string"}}],"inLanguage":"es"}]}</script>
<!-- / Yoast SEO plugin. -->

Bernardo Ortiz - Albarrán Bourdais

Bernardo Ortiz estudió Artes Visuales y Filosofía. Ha presentado exposiciones individuales en Buenos Aires, Bogotá, São Paulo y Sevilla, y...

Albarrán Bourdais
