{"id":5321,"date":"2023-07-28T15:53:54","date_gmt":"2023-07-28T13:53:54","guid":{"rendered":"https:\/\/albarran-bourdais.com\/?post_type=person&#038;p=5321"},"modified":"2023-07-28T15:53:54","modified_gmt":"2023-07-28T13:53:54","slug":"fernando-garcia-dory-inland","status":"publish","type":"person","link":"https:\/\/albarran-bourdais.com\/es\/artist\/fernando-garcia-dory-inland\/","title":{"rendered":"Fernando Garc\u00eda Dory \/ INLAND"},"content":{"rendered":"<p>INLAND Campo Adentro es una agencia colaborativa iniciada en 2009 por Fernando Garc\u00edaDory. Proporciona una plataforma para diversos actores involucrados en la producci\u00f3n agr\u00edcola,social y cultural. Actualmente INLAND funciona como un colectivo centrado en econom\u00edasbasadas en la tierra y la pr\u00e1ctica comunitaria como sustrato para el arte y formas culturales post\u2013contempor\u00e1neas.<\/p>\n<p>Su pr\u00e1ctica se ha presentado en la Bienal de Estambul; Casco, Utrecht; el Museo Maebashi deJap\u00f3n; Contemporary Arts Glasgow, MALBA, Buenos Aires; Matadero Madrid, Museo de ArteModerno de Medell\u00edn, Serpentine Galleries, Londres; Pompidou Par\u00eds; Savvy, Berl\u00edn; CittadelarteMil\u00e1n; Casa do Povo, Sao Paulo; Baltic Art Centre, UK, Museo Madre, Napoles, documenta13 y documenta fifteen.<\/p>\n<p>Nutri\u00e9ndose de su pr\u00e1ctica como artista y agroec\u00f3logo dentro del colectivo INLAND, FernandoGarc\u00eda Dory utiliza los muros de la galer\u00eda para volcar la memoria de una serie de acciones sobreel territorio. A trav\u00e9s de una serie de dibujos en carboncillo, concebidos espec\u00edficamente parael espacio de la galer\u00eda, un grupo de personajes, utensilios, procesos y paisajes despliegan elcomplejo acervo del hacer rural. Junto a ellos, las formas y texturas de un panal de abejas ofrecenla posibilidad de una enso\u00f1aci\u00f3n socio\u2013natural expandida.<\/p>\n","protected":false},"featured_media":0,"template":"","class_list":["post-5321","person","type-person","status-publish","hentry"],"acf":[],"yoast_head":"<!-- This site is optimized with the Yoast SEO plugin v25.8 - https:\/\/yoast.com\/wordpress\/plugins\/seo\/ -->\n<title>Fernando Garc\u00eda Dory \/ INLAND - Albarr\u00e1n Bourdais<\/title>\n<meta name=\"robots\" content=\"index, follow, max-snippet:-1, max-image-preview:large, max-video-preview:-1\" \/>\n<link rel=\"canonical\" href=\"https:\/\/albarran-bourdais.com\/artist\/fernando-garcia-dory-inland\/\" \/>\n<meta property=\"og:locale\" content=\"es_ES\" \/>\n<meta property=\"og:type\" content=\"article\" \/>\n<meta property=\"og:title\" content=\"Fernando Garc\u00eda Dory \/ INLAND - Albarr\u00e1n Bourdais\" \/>\n<meta property=\"og:description\" content=\"INLAND Campo Adentro es una agencia colaborativa iniciada en 2009 por Fernando Garc\u00edaDory. Proporciona una plataforma para diversos actores involucrados...\" \/>\n<meta property=\"og:url\" content=\"https:\/\/albarran-bourdais.com\/artist\/fernando-garcia-dory-inland\/\" \/>\n<meta property=\"og:site_name\" content=\"Albarr\u00e1n Bourdais\" \/>\n<meta name=\"twitter:card\" content=\"summary_large_image\" \/>\n<meta name=\"twitter:label1\" content=\"Tiempo de lectura\" \/>\n\t<meta name=\"twitter:data1\" content=\"1 minuto\" \/>\n<script type=\"application\/ld+json\" class=\"yoast-schema-graph\">{\"@context\":\"https:\/\/schema.org\",\"@graph\":[{\"@type\":\"WebPage\",\"@id\":\"https:\/\/albarran-bourdais.com\/artist\/fernando-garcia-dory-inland\/\",\"url\":\"https:\/\/albarran-bourdais.com\/artist\/fernando-garcia-dory-inland\/\",\"name\":\"Fernando Garc\u00eda Dory \/ INLAND - Albarr\u00e1n Bourdais\",\"isPartOf\":{\"@id\":\"https:\/\/albarran-bourdais.com\/#website\"},\"datePublished\":\"2023-07-28T13:53:54+00:00\",\"breadcrumb\":{\"@id\":\"https:\/\/albarran-bourdais.com\/artist\/fernando-garcia-dory-inland\/#breadcrumb\"},\"inLanguage\":\"es\",\"potentialAction\":[{\"@type\":\"ReadAction\",\"target\":[\"https:\/\/albarran-bourdais.com\/artist\/fernando-garcia-dory-inland\/\"]}]},{\"@type\":\"BreadcrumbList\",\"@id\":\"https:\/\/albarran-bourdais.com\/artist\/fernando-garcia-dory-inland\/#breadcrumb\",\"itemListElement\":[{\"@type\":\"ListItem\",\"position\":1,\"name\":\"Accueil\",\"item\":\"https:\/\/albarran-bourdais.com\/es\/\"},{\"@type\":\"ListItem\",\"position\":2,\"name\":\"Fernando Garc\u00eda Dory \/ INLAND\"}]},{\"@type\":\"WebSite\",\"@id\":\"https:\/\/albarran-bourdais.com\/#website\",\"url\":\"https:\/\/albarran-bourdais.com\/\",\"name\":\"Albarr\u00e1n Bourdais\",\"description\":\"Art Gallery\",\"potentialAction\":[{\"@type\":\"SearchAction\",\"target\":{\"@type\":\"EntryPoint\",\"urlTemplate\":\"https:\/\/albarran-bourdais.com\/?s={search_term_string}\"},\"query-input\":{\"@type\":\"PropertyValueSpecification\",\"valueRequired\":true,\"valueName\":\"search_term_string\"}}],\"inLanguage\":\"es\"}]}<\/script>\n<!-- \/ Yoast SEO plugin. -->","yoast_head_json":{"title":"Fernando Garc\u00eda Dory \/ INLAND - Albarr\u00e1n Bourdais","robots":{"index":"index","follow":"follow","max-snippet":"max-snippet:-1","max-image-preview":"max-image-preview:large","max-video-preview":"max-video-preview:-1"},"canonical":"https:\/\/albarran-bourdais.com\/artist\/fernando-garcia-dory-inland\/","og_locale":"es_ES","og_type":"article","og_title":"Fernando Garc\u00eda Dory \/ INLAND - Albarr\u00e1n Bourdais","og_description":"INLAND Campo Adentro es una agencia colaborativa iniciada en 2009 por Fernando Garc\u00edaDory. Proporciona una plataforma para diversos actores involucrados...","og_url":"https:\/\/albarran-bourdais.com\/artist\/fernando-garcia-dory-inland\/","og_site_name":"Albarr\u00e1n Bourdais","twitter_card":"summary_large_image","twitter_misc":{"Tiempo de lectura":"1 minuto"},"schema":{"@context":"https:\/\/schema.org","@graph":[{"@type":"WebPage","@id":"https:\/\/albarran-bourdais.com\/artist\/fernando-garcia-dory-inland\/","url":"https:\/\/albarran-bourdais.com\/artist\/fernando-garcia-dory-inland\/","name":"Fernando Garc\u00eda Dory \/ INLAND - Albarr\u00e1n Bourdais","isPartOf":{"@id":"https:\/\/albarran-bourdais.com\/#website"},"datePublished":"2023-07-28T13:53:54+00:00","breadcrumb":{"@id":"https:\/\/albarran-bourdais.com\/artist\/fernando-garcia-dory-inland\/#breadcrumb"},"inLanguage":"es","potentialAction":[{"@type":"ReadAction","target":["https:\/\/albarran-bourdais.com\/artist\/fernando-garcia-dory-inland\/"]}]},{"@type":"BreadcrumbList","@id":"https:\/\/albarran-bourdais.com\/artist\/fernando-garcia-dory-inland\/#breadcrumb","itemListElement":[{"@type":"ListItem","position":1,"name":"Accueil","item":"https:\/\/albarran-bourdais.com\/es\/"},{"@type":"ListItem","position":2,"name":"Fernando Garc\u00eda Dory \/ INLAND"}]},{"@type":"WebSite","@id":"https:\/\/albarran-bourdais.com\/#website","url":"https:\/\/albarran-bourdais.com\/","name":"Albarr\u00e1n Bourdais","description":"Art Gallery","potentialAction":[{"@type":"SearchAction","target":{"@type":"EntryPoint","urlTemplate":"https:\/\/albarran-bourdais.com\/?s={search_term_string}"},"query-input":{"@type":"PropertyValueSpecification","valueRequired":true,"valueName":"search_term_string"}}],"inLanguage":"es"}]}},"_links":{"self":[{"href":"https:\/\/albarran-bourdais.com\/es\/wp-json\/wp\/v2\/person\/5321","targetHints":{"allow":["GET"]}}],"collection":[{"href":"https:\/\/albarran-bourdais.com\/es\/wp-json\/wp\/v2\/person"}],"about":[{"href":"https:\/\/albarran-bourdais.com\/es\/wp-json\/wp\/v2\/types\/person"}],"wp:attachment":[{"href":"https:\/\/albarran-bourdais.com\/es\/wp-json\/wp\/v2\/media?parent=5321"}],"curies":[{"name":"wp","href":"https:\/\/api.w.org\/{rel}","templated":true}]}}

Fernando García Dory / INLAND

<p>INLAND Campo Adentro es una agencia colaborativa iniciada en 2009 por Fernando GarcíaDory. Proporciona una plataforma para diversos actores involucrados en la producción agrícola,social y cultural. Actualmente INLAND funciona como un colectivo centrado en economíasbasadas en la tierra y la práctica comunitaria como sustrato para el arte y formas culturales post–contemporáneas.</p>
<p>Su práctica se ha presentado en la Bienal de Estambul; Casco, Utrecht; el Museo Maebashi deJapón; Contemporary Arts Glasgow, MALBA, Buenos Aires; Matadero Madrid, Museo de ArteModerno de Medellín, Serpentine Galleries, Londres; Pompidou París; Savvy, Berlín; CittadelarteMilán; Casa do Povo, Sao Paulo; Baltic Art Centre, UK, Museo Madre, Napoles, documenta13 y documenta fifteen.</p>
<p>Nutriéndose de su práctica como artista y agroecólogo dentro del colectivo INLAND, FernandoGarcía Dory utiliza los muros de la galería para volcar la memoria de una serie de acciones sobreel territorio. A través de una serie de dibujos en carboncillo, concebidos específicamente parael espacio de la galería, un grupo de personajes, utensilios, procesos y paisajes despliegan elcomplejo acervo del hacer rural. Junto a ellos, las formas y texturas de un panal de abejas ofrecenla posibilidad de una ensoñación socio–natural expandida.</p>

<!-- This site is optimized with the Yoast SEO plugin v25.8 - https://yoast.com/wordpress/plugins/seo/ -->
<title>Fernando García Dory / INLAND - Albarrán Bourdais</title>
<meta name="robots" content="index, follow, max-snippet:-1, max-image-preview:large, max-video-preview:-1" />
<link rel="canonical" href="https://albarran-bourdais.com/artist/fernando-garcia-dory-inland/" />
<meta property="og:locale" content="es_ES" />
<meta property="og:type" content="article" />
<meta property="og:title" content="Fernando García Dory / INLAND - Albarrán Bourdais" />
<meta property="og:description" content="INLAND Campo Adentro es una agencia colaborativa iniciada en 2009 por Fernando GarcíaDory. Proporciona una plataforma para diversos actores involucrados..." />
<meta property="og:url" content="https://albarran-bourdais.com/artist/fernando-garcia-dory-inland/" />
<meta property="og:site_name" content="Albarrán Bourdais" />
<meta name="twitter:card" content="summary_large_image" />
<meta name="twitter:label1" content="Tiempo de lectura" />
	<meta name="twitter:data1" content="1 minuto" />
<script type="application/ld+json" class="yoast-schema-graph">{"@context":"https://schema.org","@graph":[{"@type":"WebPage","@id":"https://albarran-bourdais.com/artist/fernando-garcia-dory-inland/","url":"https://albarran-bourdais.com/artist/fernando-garcia-dory-inland/","name":"Fernando García Dory / INLAND - Albarrán Bourdais","isPartOf":{"@id":"https://albarran-bourdais.com/#website"},"datePublished":"2023-07-28T13:53:54+00:00","breadcrumb":{"@id":"https://albarran-bourdais.com/artist/fernando-garcia-dory-inland/#breadcrumb"},"inLanguage":"es","potentialAction":[{"@type":"ReadAction","target":["https://albarran-bourdais.com/artist/fernando-garcia-dory-inland/"]}]},{"@type":"BreadcrumbList","@id":"https://albarran-bourdais.com/artist/fernando-garcia-dory-inland/#breadcrumb","itemListElement":[{"@type":"ListItem","position":1,"name":"Accueil","item":"https://albarran-bourdais.com/es/"},{"@type":"ListItem","position":2,"name":"Fernando García Dory / INLAND"}]},{"@type":"WebSite","@id":"https://albarran-bourdais.com/#website","url":"https://albarran-bourdais.com/","name":"Albarrán Bourdais","description":"Art Gallery","potentialAction":[{"@type":"SearchAction","target":{"@type":"EntryPoint","urlTemplate":"https://albarran-bourdais.com/?s={search_term_string}"},"query-input":{"@type":"PropertyValueSpecification","valueRequired":true,"valueName":"search_term_string"}}],"inLanguage":"es"}]}</script>
<!-- / Yoast SEO plugin. -->

Fernando García Dory / INLAND - Albarrán Bourdais

INLAND Campo Adentro es una agencia colaborativa iniciada en 2009 por Fernando GarcíaDory. Proporciona una plataforma para diversos actores involucrados...

Albarrán Bourdais
